{"id":25,"date":"2022-05-11T04:09:39","date_gmt":"2022-05-11T01:09:39","guid":{"rendered":"https:\/\/collabora.interbestimmt.de\/?page_id=25"},"modified":"2023-10-31T05:35:02","modified_gmt":"2023-10-31T02:35:02","slug":"ueber-uns","status":"publish","type":"page","link":"https:\/\/interbestimmt.de\/index.php\/ueber-uns\/","title":{"rendered":"\u00dcber uns"},"content":{"rendered":"\n<h2 class=\"wp-block-heading\">Unser Team<\/h2>\n\n\n\n<h4 class=\"wp-block-heading\"><strong>Bilal Kir<\/strong><\/h4>\n\n\n\n<figure class=\"wp-block-image size-full\"><img loading=\"lazy\" decoding=\"async\" width=\"400\" height=\"300\" src=\"https:\/\/interbestimmt.de\/wp-content\/uploads\/2023\/10\/Bilal.jpg\" alt=\"\" class=\"wp-image-76\" srcset=\"https:\/\/interbestimmt.de\/wp-content\/uploads\/2023\/10\/Bilal.jpg 400w, https:\/\/interbestimmt.de\/wp-content\/uploads\/2023\/10\/Bilal-300x225.jpg 300w\" sizes=\"auto, (max-width: 400px) 100vw, 400px\" \/><\/figure>\n\n\n\n<p>Geboren wurde ich in Kandira \/ T\u00fcrkei und bin in Berlin \u2013 Kreuzberg aufgewachsen.<br><br>Seit meiner Teenager-Zeit bin ich mehrfach eingeschr\u00e4nkt (Sinnes- und Bewegungs- Einschr\u00e4nkungen).<br><br>Ich bin seit 20 Jahren als Peer \u2013 Berater und Coach in den Themenbereichen Behinderung, Migration, Religion und Sexualit\u00e4t, hier mit dem Schwerpunkt sexuelle Vielfalt und Selbstbestimmung f\u00fcr Menschen mit Einschr\u00e4nkungen, t\u00e4tig.<br><br>Au\u00dferdem arbeite ich im Bereich Verwaltung und Organisation von pers\u00f6nlichem Budget und war in verschiedenen Einrichtungen als Berater t\u00e4tig. Hier kam mir meine Ausbildung als B\u00fcrokaufmann zugute.<br><br>Aufgrund meiner eigenen Erfahrungen als Mensch mit Migrationshintergrund und Behinderung, wenden sich viele Menschen in \u00e4hnlichen Lebenslagen mit dem Wunsch nach Hilfe und Beratung an mich.<br><br>Ich setze mich f\u00fcr Selbstbestimmung und Gleichberechtigung ein und meine Vision ist es, dass Grundrechte f\u00fcr alle Menschen universell gelten sollen.<br><br>Die Vereine Interselbst e. V. und Interbestimmt e. V. habe ich gegr\u00fcndet und ma\u00dfgeblich mit aufgebaut.<\/p>\n\n\n\n<div style=\"height:100px\" aria-hidden=\"true\" class=\"wp-block-spacer\"><\/div>\n\n\n\n<h4 class=\"wp-block-heading\"><strong>Selma Aman<\/strong><\/h4>\n\n\n\n<figure class=\"wp-block-image size-full is-resized\"><img loading=\"lazy\" decoding=\"async\" width=\"300\" height=\"409\" src=\"https:\/\/interbestimmt.de\/wp-content\/uploads\/2023\/10\/Selma.jpg\" alt=\"\" class=\"wp-image-79\" style=\"aspect-ratio:0.7334963325183375;width:352px;height:auto\" srcset=\"https:\/\/interbestimmt.de\/wp-content\/uploads\/2023\/10\/Selma.jpg 300w, https:\/\/interbestimmt.de\/wp-content\/uploads\/2023\/10\/Selma-220x300.jpg 220w\" sizes=\"auto, (max-width: 300px) 100vw, 300px\" \/><\/figure>\n\n\n\n<p>Ich bin Selma Aman und Mundmalerin. Ich kam mit einer Spastik zur Welt, die verhindert, dass ich meine H\u00e4nde ad\u00e4quat benutzen kann. Also helfe ich mir seit fr\u00fchester Kindheit mit Mund und F\u00fc\u00dfen. Nach der Ausbildung zur B\u00fcrokauffrau holte ich den mittleren Bildungsabschluss nach, legte das Fachabitur in Wirtschaft ab und begann mit einem Jurastudium.<\/p>\n\n\n\n<p><br>Seit 2015 bin ich Stipendiatin bei der &#8222;Vereinigung der mund- und fussmalenden K\u00fcnstler &#8220; und zus\u00e4tzlich im Vorstand von unserem Verein. Meine Zust\u00e4ndigkeit liegt im Bereich Kunst und Kultur.<\/p>\n\n\n\n<div style=\"height:100px\" aria-hidden=\"true\" class=\"wp-block-spacer\"><\/div>\n\n\n\n<h4 class=\"wp-block-heading\"><strong>Axel Tillmann<\/strong><\/h4>\n\n\n\n<figure class=\"wp-block-image size-full\"><img loading=\"lazy\" decoding=\"async\" width=\"353\" height=\"471\" src=\"https:\/\/interbestimmt.de\/wp-content\/uploads\/2023\/10\/Axel.jpg\" alt=\"\" class=\"wp-image-78\" srcset=\"https:\/\/interbestimmt.de\/wp-content\/uploads\/2023\/10\/Axel.jpg 353w, https:\/\/interbestimmt.de\/wp-content\/uploads\/2023\/10\/Axel-225x300.jpg 225w\" sizes=\"auto, (max-width: 353px) 100vw, 353px\" \/><\/figure>\n\n\n\n<p>Ausgebildet bin ich als Musiker an den Musikhochschulen K\u00f6ln und Essen, wo ich als Schwerpunkt Klavier und Komposition studiert habe.<br>Seit 1994 bin ich als Kirchenmusiker in K\u00f6ln-Bickendorf t\u00e4tig und veranstalte dort regelm\u00e4\u00dfig Konzerte.<br><br>Seit ungef\u00e4hr drei\u00dfig Jahren lebe ich mit der Erkrankung Multiple Sklerose, die mich inzwischen in meiner Bewegung deutlich einschr\u00e4nkt; zum Gl\u00fcck ist das Klavierspiel nicht betroffen. Daher bin ich froh, dass ich den Verein Interbestimmt mitgr\u00fcnden konnte. Wir wollen damit neben der Beratung f\u00fcr Menschen mit besonderen Bedarfen kulturelle Veranstaltungen anbieten, in denen K\u00fcnstler, Musiker, Schriftsteller\u2026 mit und ohne Behinderung mitwirken und auftreten k\u00f6nnen.<\/p>\n\n\n\n<div style=\"height:100px\" aria-hidden=\"true\" class=\"wp-block-spacer\"><\/div>\n\n\n\n<h4 class=\"wp-block-heading\"><strong>Seyran Kismir<\/strong><\/h4>\n\n\n\n<figure class=\"wp-block-image size-full\"><img loading=\"lazy\" decoding=\"async\" width=\"305\" height=\"408\" src=\"https:\/\/interbestimmt.de\/wp-content\/uploads\/2023\/10\/Seyran.jpg\" alt=\"\" class=\"wp-image-80\" srcset=\"https:\/\/interbestimmt.de\/wp-content\/uploads\/2023\/10\/Seyran.jpg 305w, https:\/\/interbestimmt.de\/wp-content\/uploads\/2023\/10\/Seyran-224x300.jpg 224w\" sizes=\"auto, (max-width: 305px) 100vw, 305px\" \/><\/figure>\n\n\n\n<p>Hallo, mein Name ist Seyran Kismir und ich bin f\u00fcr die Personalbeschaffung zust\u00e4ndig. Da ich selbst Assistenznehmer bin, denke ich, dass ich vielen helfen kann bei der Assistenzsuche, Assistenzkonflikten und\/oder Eigenst\u00e4ndigkeit. Diese Erfahrungen kann ich sehr gerne mit euch teilen.<\/p>\n\n\n\n<div style=\"height:100px\" aria-hidden=\"true\" class=\"wp-block-spacer\"><\/div>\n\n\n\n<h4 class=\"wp-block-heading\"><strong>Nazim Icik Sabrye Icik<\/strong><\/h4>\n\n\n\n<div style=\"height:100px\" aria-hidden=\"true\" class=\"wp-block-spacer\"><\/div>\n\n\n\n<h4 class=\"wp-block-heading\"><strong>Emine Bektas-Bozan<\/strong><\/h4>\n\n\n\n<p>Ich bin Emine Bektas-Bozan, 35 Jahre alt, und lebe mit meinem Mann und 3 Kindern in NRW. Zurzeit bin ich ehrenamtlich f\u00fcr die Budgetassistenz und allgemeine Verwaltung in Interbestimmt e.V. t\u00e4tig. Mein Interesse am Verein wurde durch Begegnungen mit Menschen mit besonderen Bedarfen im Verwandten und Freundeskreis geweckt. Durch meinen eigenen und famili\u00e4ren Migrationshintergrund habe ich Erfahrung im Zusammenhang mit mehrfach Diskriminierung. Mir macht es Spa\u00df mit Menschen und f\u00fcr Menschen zu arbeiten.<\/p>\n\n\n\n<p><\/p>\n","protected":false},"excerpt":{"rendered":"<p>Unser Team Bilal Kir Geboren wurde ich in Kandira \/ T\u00fcrkei und bin in Berlin \u2013 Kreuzberg aufgewachsen. Seit meiner Teenager-Zeit bin ich mehrfach eingeschr\u00e4nkt (Sinnes- und Bewegungs- Einschr\u00e4nkungen). Ich bin seit 20 Jahren als Peer \u2013 Berater und Coach in den Themenbereichen Behinderung, Migration, Religion und Sexualit\u00e4t, hier mit dem Schwerpunkt sexuelle Vielfalt und [&hellip;]<\/p>\n","protected":false},"author":1,"featured_media":0,"parent":0,"menu_order":0,"comment_status":"closed","ping_status":"closed","template":"","meta":{"footnotes":""},"class_list":["post-25","page","type-page","status-publish","hentry"],"_links":{"self":[{"href":"https:\/\/interbestimmt.de\/index.php\/wp-json\/wp\/v2\/pages\/25","targetHints":{"allow":["GET"]}}],"collection":[{"href":"https:\/\/interbestimmt.de\/index.php\/wp-json\/wp\/v2\/pages"}],"about":[{"href":"https:\/\/interbestimmt.de\/index.php\/wp-json\/wp\/v2\/types\/page"}],"author":[{"embeddable":true,"href":"https:\/\/interbestimmt.de\/index.php\/wp-json\/wp\/v2\/users\/1"}],"replies":[{"embeddable":true,"href":"https:\/\/interbestimmt.de\/index.php\/wp-json\/wp\/v2\/comments?post=25"}],"version-history":[{"count":8,"href":"https:\/\/interbestimmt.de\/index.php\/wp-json\/wp\/v2\/pages\/25\/revisions"}],"predecessor-version":[{"id":92,"href":"https:\/\/interbestimmt.de\/index.php\/wp-json\/wp\/v2\/pages\/25\/revisions\/92"}],"wp:attachment":[{"href":"https:\/\/interbestimmt.de\/index.php\/wp-json\/wp\/v2\/media?parent=25"}],"curies":[{"name":"wp","href":"https:\/\/api.w.org\/{rel}","templated":true}]}}