{"id":17,"date":"2022-05-11T03:55:58","date_gmt":"2022-05-11T00:55:58","guid":{"rendered":"https:\/\/collabora.interbestimmt.de\/?page_id=17"},"modified":"2023-11-21T00:01:35","modified_gmt":"2023-11-20T21:01:35","slug":"homepage","status":"publish","type":"page","link":"https:\/\/interbestimmt.de\/","title":{"rendered":"Willkommen!"},"content":{"rendered":"\n<p>wir von Interbestimmt e.V. haben es uns zur Aufgabe gemacht, alle Menschen zu unterst\u00fctzen, die Zuwendung und Beratung brauchen, ihren Alltag und ihr Leben selbstbestimmt zu gestalten. Wir finden gemeinsam heraus, was Ihr daf\u00fcr ben\u00f6tigt. Das k\u00f6nnten z.B.<\/p>\n\n\n\n<ul class=\"wp-block-list\">\n<li>Assistenzen<\/li>\n<\/ul>\n\n\n\n<ul class=\"wp-block-list\">\n<li>Fahrdienste<\/li>\n<\/ul>\n\n\n\n<ul class=\"wp-block-list\">\n<li>Beratung in Rechts &#8211; und F\u00f6rderfragen sein.<\/li>\n<\/ul>\n\n\n\n<p>Wir finden mit Euch Wege, um weiter oder wieder an allen Bereichen des Lebens teilhaben zu k\u00f6nnen.<\/p>\n\n\n\n<p>Unser Team, das zum Teil aus Menschen mit Einschr\u00e4nkungen besteht, bietet als gemeinn\u00fctziger Verein, Unterst\u00fctzung in allen Lebenslagen. Sei es im pers\u00f6nlichen Budget, Budget f\u00fcr Arbeit oder anderen Bereichen des Lebens \u2013 und das in vielen Sprachen mit Peeransatz, also der Beratung von Menschen mit besonderen Bedarfen, durch Menschen, die in der gleichen Situation sind.<\/p>\n\n\n\n<p>Dabei beschr\u00e4nken wir uns zurzeit auf Berlin, das Brandenburger Umland und den K\u00f6lner Raum.<\/p>\n\n\n\n<p>Wir beraten Euch individuell und machen in unseren Beratungen transparent, welche M\u00f6glichkeiten der F\u00f6rderung und Bezuschussung bestehen.<\/p>\n\n\n\n<p>Wir sind gespannt auf Deinen Weg zur Selbstbestimmung und freuen uns diesen mit Dir gehen zu d\u00fcrfen!<\/p>\n\n\n\n<p><\/p>\n\n\n\n<figure class=\"wp-block-embed is-type-video is-provider-youtube wp-block-embed-youtube wp-embed-aspect-16-9 wp-has-aspect-ratio\"><div class=\"wp-block-embed__wrapper\">\n<iframe loading=\"lazy\" title=\"INTERBESTIMMT e.V.\" width=\"500\" height=\"281\" src=\"https:\/\/www.youtube.com\/embed\/RODtIuw_b4c?feature=oembed\" frameborder=\"0\" allow=\"accelerometer; autoplay; clipboard-write; encrypted-media; gyroscope; picture-in-picture; web-share\" referrerpolicy=\"strict-origin-when-cross-origin\" allowfullscreen><\/iframe>\n<\/div><\/figure>\n\n\n\n<h4 class=\"wp-block-heading\"><strong>Aktuell<\/strong><\/h4>\n\n\n\n<p>Unsere aktuellen Veranstaltungen sehen Sie hier:<\/p>\n","protected":false},"excerpt":{"rendered":"<p>wir von Interbestimmt e.V. haben es uns zur Aufgabe gemacht, alle Menschen zu unterst\u00fctzen, die Zuwendung und Beratung brauchen, ihren Alltag und ihr Leben selbstbestimmt zu gestalten. Wir finden gemeinsam heraus, was Ihr daf\u00fcr ben\u00f6tigt. Das k\u00f6nnten z.B. Wir finden mit Euch Wege, um weiter oder wieder an allen Bereichen des Lebens teilhaben zu k\u00f6nnen. [&hellip;]<\/p>\n","protected":false},"author":1,"featured_media":0,"parent":0,"menu_order":0,"comment_status":"closed","ping_status":"closed","template":"","meta":{"footnotes":""},"class_list":["post-17","page","type-page","status-publish","hentry"],"_links":{"self":[{"href":"https:\/\/interbestimmt.de\/index.php\/wp-json\/wp\/v2\/pages\/17","targetHints":{"allow":["GET"]}}],"collection":[{"href":"https:\/\/interbestimmt.de\/index.php\/wp-json\/wp\/v2\/pages"}],"about":[{"href":"https:\/\/interbestimmt.de\/index.php\/wp-json\/wp\/v2\/types\/page"}],"author":[{"embeddable":true,"href":"https:\/\/interbestimmt.de\/index.php\/wp-json\/wp\/v2\/users\/1"}],"replies":[{"embeddable":true,"href":"https:\/\/interbestimmt.de\/index.php\/wp-json\/wp\/v2\/comments?post=17"}],"version-history":[{"count":8,"href":"https:\/\/interbestimmt.de\/index.php\/wp-json\/wp\/v2\/pages\/17\/revisions"}],"predecessor-version":[{"id":112,"href":"https:\/\/interbestimmt.de\/index.php\/wp-json\/wp\/v2\/pages\/17\/revisions\/112"}],"wp:attachment":[{"href":"https:\/\/interbestimmt.de\/index.php\/wp-json\/wp\/v2\/media?parent=17"}],"curies":[{"name":"wp","href":"https:\/\/api.w.org\/{rel}","templated":true}]}}